t common divisor of d and 11?
11
Suppose -9 = j + 4*c, -4*j = -j - 2*c - 15. Calculate the highest common divisor of 3 and j.
3
Let q = 35 + -28. Suppose 0 = 4*p - 102 + 18. Calculate the highest common divisor of p and q.
7
Let z be -27 - (3 + -3)/(-1). Let x be 7/(-14) - z/2. What is the highest common factor of x and 52?
13
Let f be (-1)/(1/(-5)) + -1. Suppose 0 = -0*d + d - f. Let q(l) = l**3 - 4*l**2 + 3*l. Let w be q(d). Calculate the highest common divisor of w and 3.
3
Let b = -2 - -2. Suppose -126 = -b*t - t. Calculate the greatest common divisor of 18 and t.
18
Suppose 0 = -h + 2*t + 21, -9 = 3*h + 3*t - 63. What is the highest common factor of 38 and h?
19
Suppose -4*x + 5 = -3*x. Let u(m) = -3*m - 5 + 16*m + 0. Let k be u(x). What is the highest common factor of k and 12?
12
Suppose -2*z = z - 3*a - 300, -5*a = 3*z - 260. Suppose 2*g + 0*g = -k + 9, 0 = -3*k + 2*g + 67. Calculate the greatest common divisor of k and z.
19
Let h(j) = j**3 - 3*j**2 - 2*j + 1. Let w be h(4). Let x be 6/21 + 200/35. Calculate the greatest common divisor of w and x.
3
Suppose -l + 31 = 5. What is the highest common divisor of l and 104?
26
Suppose -10*t + 53 = 3. Suppose 3*q = -2*i + 102, -7*i = -3*i + 3*q - 192. Calculate the highest common divisor of i and t.
5
Let m = 863 + -855. Suppose -3*a + 33 = -39. What is the greatest common factor of a and m?
8
Let y(v) = -5*v - 15. Let q be y(-9). Calculate the greatest common factor of 75 and q.
15
Let g = -12 - -4. Let h(a) = -a**2 - 11*a + 4. Let b be h(g). Let k = 0 + 4. What is the greatest common divisor of k and b?
4
Let p(u) = u**3 - 4*u**2 - 5*u + 2. Let d be p(5). What is the highest common factor of 4 and d?
2
Suppose 0 = y - 3*h - 16, -4*y + 5*h = -19 - 10. What is the greatest common factor of y and 7?
1
Let h(c) = 44*c**2 + 4*c + 3. Let y be h(-1). What is the greatest common divisor of y and 387?
43
Suppose 2*x - 44 = x. What is the greatest common factor of 176 and x?
44
Suppose 5*s - 6*s = -192. Calculate the highest common factor of s and 24.
24
Let x = 124 + 11. Suppose -3*r + 9 = 3*u, 2*r + 4*u = -3*r + 18. Suppose -3*a + r*a = 45. What is the highest common factor of a and x?
15
Let a = -8 - -8. Suppose 5*c - n + 5*n - 68 = a, -5*n = -10. Calculate the greatest common factor of 48 and c.
12
Suppose 4*g = 3*i + 28, 2*g - 5*i - 1 = 13. What is the greatest common factor of g and 56?
7
Suppose -2*q + 18 - 8 = 0. Let c(v) = v**2 - 4*v. Let g be c(q). Suppose 175 = 5*m + 4*y, 2*m - 70 = -3*y - 2*y. Calculate the highest common factor of g and m.
5
Let p be (-154)/(1 - 15/5). Calculate the highest common divisor of 33 and p.
11
Suppose x + 2*j - 38 = -x, -x = -3*j - 3. Suppose 4*s - x - 3 = 5*d, 0 = 2*s - 4*d - 12. Calculate the highest common factor of s and 6.
2
Let c(j) = j**3 + 14*j**2 + 11*j - 15. Let x be c(-12). Let b = x + -71. What is the greatest common factor of b and 14?
14
Let n(d) = -d**2 - 3*d + 4. Let y be (6/5)/((-18)/60). Let s be n(y). Let p be 14/(-7) + (s - -11). What is the highest common factor of 99 and p?
9
Suppose -p + 0 - 4 = 0. Let n = 6 + p. Let x be ((-2)/1)/(n/(-3)). What is the greatest common factor of x and 3?
3
Let c = 23 + -33. Let p be (-4)/7*35/c. Suppose p*j - 3*i + 0 + 8 = 0, 5*j + 5*i = 30. What is the highest common factor of j and 6?
2
Let p(y) = 5*y - 13*y - 1 - 1. Let w be p(-2). Suppose 50 = q + w. Calculate the greatest common divisor of 12 and q.
12
Suppose 3*n = 10 + 8. What is the greatest common factor of n and 24?
6
Suppose 0*i + 100 = 4*i. Let u = i - 18. Calculate the highest common factor of 7 and u.
7
Suppose -i = -0*i + 2*u + 13, -4*i + 3*u = 52. Let b = 18 + i. Suppose 0*g - 5 = -2*g + 3*z, -b*g - 3*z = -2. What is the greatest common factor of 1 and g?
1
Let d = -9 - -43. Calculate the highest common factor of 85 and d.
17
Suppose h - 66 = -5*h. What is the greatest common factor of 11 and h?
11
Let a = 2 - 2. Let w(h) = 3*h - 6. Let x be w(5). Suppose -x = -i - a*i. Calculate the greatest common factor of i and 36.
9
Let z be (-42)/(-4) + 2/(-4). Suppose 2*u = -0*u + 80. Suppose 0 = 2*y, 0*v - 4*y + u = 2*v. Calculate the greatest common factor of v and z.
10
Let g(l) = -l**3 + 6*l**2 - 10*l + 4. Let h be g(7). Let b(s) = 10*s**2 + 5*s + 3. Let j be b(4). Let x = j + h. What is the highest common divisor of 17 and x?
17
Let h(a) = -a**3 + 6*a**2 + a + 4. Let f be h(6). Let c(k) = 3*k**2 + 1 - 2 + 6 - 1 - 3*k. Let x be c(4). Calculate the greatest common factor of f and x.
10
Let x = -6 - -18. Calculate the greatest common divisor of 3 and x.
3
Suppose 18 = -8*d + 130. Calculate the greatest common factor of d and 42.
14
Let u = -52 + 132. Let c(o) = -o**3 + 7*o**2 - 8*o + 6. Let k = 7 - 2. Let g be c(k). Calculate the greatest common factor of u and g.
16
Suppose 4*k + 4*d = 164, 2*k + d + 0*d = 86. Calculate the greatest common factor of k and 18.
9
Let g(u) = u**2 - 4*u + 11. Let y be g(5). What is the highest common factor of 16 and y?
16
Suppose 0 = 5*w + 10, -573 = -5*p - 0*w + 4*w. Suppose 0 = -y + 2*o + 16, -2*y = 3*y + o - p. Calculate the highest common divisor of y and 154.
22
Suppose 0*l = -l + 1. What is the greatest common factor of 1 and l?
1
Suppose 5*q - 3*p - 5 = -16, -5*q + 2*p = 14. Let g = q + -15. Let m = g + 35. Calculate the greatest common divisor of m and 40.
8
Let b = 71 + -29. Calculate the highest common factor of 6 and b.
6
Let l = -4 + 9. What is the highest common divisor of l and 5?
5
Let o be (-322)/(-8) + (-2)/8. Let b = -20 - -43. Suppose 0 = -m + 4*c - 3 + 1, 0 = -2*m - c + b. Calculate the highest common divisor of o and m.
10
Let k(u) = u**3 - u**2 - 3*u + 1. Let f be k(2). Let x be -1 - ((-1 - 27) + f). Let s be 560/(-24)*1/((-2)/6). What is the greatest common factor of x and s?
14
Suppose z + 0*n = 4*n + 220, -3*n - 222 = -z. What is the greatest common factor of z and 12?
12
Let w(f) = f**3 - 3*f**2 + 4*f - 6. Let n be w(4). Calculate the greatest common divisor of 65 and n.
13
Let m be 2 + 0 + (-17)/(-17). Suppose 0 = -m*c - b + 40, 5*c - 5*b - 74 = -3*b. Let o be (-6)/9 + 23/3. Calculate the greatest common factor of c and o.
7
Let y be (3 - 6 - -11) + -4. Let u(q) = -5 - 2 - q**3 + 0 + 7*q + 5*q**2. Let k be u(5). What is the highest common divisor of k and y?
4
Suppose -5*b = -2*b - 42. Let j = 243 + -2. Let d = -87 + j. Calculate the highest common factor of b and d.
14
Suppose 4*k + 532 = 4*j, -3*k = 5*j - j - 525. What is the greatest common factor of j and 12?
12
Suppose -2*o + 45 = 3*o. Let l = o - 6. Suppose -8 = -3*a - 5*z, 0 = -a + l*z - 0*z + 26. What is the highest common factor of 33 and a?
11
Let o = -33 + 46. Suppose 30 = 2*g + b, 0 = -g - 4*b + o - 5. Suppose -2*j - 3*r = 2*j - 23, -5*j - 5 = -3*r. Calculate the greatest common factor of j and g.
2
Let n(i) = i**2 - 3*i - 3. Let o(u) = u - 2. Let f be o(0). Let w = f - -8. Let r be n(w). Calculate the highest common divisor of r and 10.
5
Let j be 42 + (7 - 3)/2. What is the greatest common factor of 11 and j?
11
Suppose 5*b + y - 8 = -y, -b + 3*y = 12. Suppose b = -3*w - 2*w + 175. Let x = 61 - w. Calculate the greatest common divisor of x and 13.
13
Suppose k + 40 = -4*k. Let x be (-1076)/k + 2/4. Calculate the highest common divisor of 15 and x.
15
Let k = -25 + 52. Let o = -58 - -112. What is the highest common factor of k and o?
27
Let x(s) = -4*s + 2. Let v(o) = 11*o - 6. Let h(p) = 3*v(p) + 8*x(p). Let a be h(9). Calculate the highest common factor of a and 49.
7
Let z be (0*(-1)/1)/3. Suppose -2*o = 0, z = -4*t + 4*o - 5*o + 12. Let r = t - 2. What is the highest common factor of r and 7?
1
Let j(r) = 9*r - 9. Let o be j(12). Suppose 0*i + 3*i = v - 9, -3*v + 2*i = -27. What is the highest common factor of o and v?
9
Suppose q - 3 = 17. What is the greatest common divisor of 140 and q?
20
Suppose 64 = -4*z + 6*z. Let x be (45/4)/(12/z). Calculate the highest common factor of x and 45.
15
Suppose 4*k = h - 12, 4*h + 4*k = k + 48. What is the highest common divisor of h and 96?
12
Suppose 4*p = 7*p - 15. What is the greatest common divisor of p and 55?
5
Let i be 66*1/4*-2. Let w be 4/(-22) + (-6)/i. Suppose 4*p - 3*g - 50 = -w*p, -58 = -4*p - g. What is the highest common divisor of 42 and p?
14
Let t(l) = -l. Let